site number?
True
Is 5189 a prime number?
True
Is 69761 composite?
False
Is 27611 a prime number?
True
Is 5729 a composite number?
True
Is 19157 a prime number?
True
Is 404483 a composite number?
False
Is 375149 a prime number?
True
Is 13093 prime?
True
Is 7113 prime?
False
Is 3077879 prime?
False
Is 50339 composite?
True
Is 7897 composite?
True
Is 6074 a composite number?
True
Is 289145 a prime number?
False
Is 19613 a composite number?
True
Is 1559 composite?
False
Is 4591 a composite number?
False
Is 21058 composite?
True
Is 69847 a prime number?
True
Is 62939 a composite number?
False
Is 27358 a prime number?
False
Is 2288381 a prime number?
False
Is 818147 a prime number?
False
Is 147563 prime?
False
Is 166373 a prime number?
False
Is 295669 a composite number?
True
Is 11981 a prime number?
True
Is 74398 a prime number?
False
Is 33679 composite?
False
Is 929737 a prime number?
True
Is 20981 prime?
True
Is 419479 a prime number?
False
Is 9383 a composite number?
True
Is 52021 composite?
False
Is 7571 a prime number?
False
Is 25151 prime?
False
Is 3392351 composite?
True
Is 69851 a composite number?
True
Is 715453 a prime number?
True
Is 14197 a prime number?
True
Is 427327 composite?
False
Is 84543 a prime number?
False
Is 367463 prime?
False
Is 24287 a prime number?
False
Is 323963 prime?
False
Is 16439 composite?
True
Is 7478 a prime number?
False
Is 75937 a composite number?
False
Is 133477 composite?
True
Is 1009 composite?
False
Is 11855 prime?
False
Is 20873 a prime number?
True
Is 264487 prime?
True
Is 348497 a prime number?
False
Is 22739 a composite number?
False
Is 1025671 a prime number?
False
Is 11027 a prime number?
True
Is 449299 a composite number?
False
Is 156941 composite?
False
Is 209917 composite?
False
Is 43933 composite?
False
Is 44617 composite?
False
Is 419513 prime?
True
Is 86017 a prime number?
True
Is 388991 a composite number?
False
Is 79681 prime?
False
Is 79141 prime?
False
Is 112117 composite?
True
Is 243461 a composite number?
False
Is 598421 composite?
False
Is 19347 prime?
False
Is 698773 a composite number?
False
Is 2093557 a prime number?
True
Is 15121 a composite number?
False
Is 14587 a composite number?
True
Is 44699 a prime number?
True
Is 1002563 a composite number?
True
Is 205009 composite?
True
Is 2212699 composite?
False
Is 23755 composite?
True
Is 242777 a composite number?
True
Is 33713 prime?
True
Is 57371 prime?
False
Is 153421 prime?
True
Is 107453 prime?
True
Is 225889 composite?
False
Is 434311 composite?
False
Is 187303 a prime number?
True
Is 236077 prime?
True
Is 90267 composite?
True
Is 5999 prime?
False
Is 11549 a prime number?
True
Is 1344943 prime?
True
Is 44071 a composite number?
False
Is 1744882 composite?
True
Is 421238 composite?
True
Is 32501 a prime number?
False
Is 1208341 prime?
True
Is 431215 composite?
True
Is 45803 a prime number?
False
Is 306301 prime?
True
Is 583 a composite number?
True
Is 17521 composite?
True
Is 1096333 composite?
True
Is 625315 a prime number?
False
Is 51151 prime?
True
Is 7279 a prime number?
False
Is 5098 composite?
True
Is 403219 a composite number?
False
Is 34769 prime?
False
Is 36341 prime?
True
Is 49099 composite?
True
Is 419 a prime number?
True
Is 16127 prime?
True
Is 534607 a prime number?
True
Is 3491 a composite number?
False
Is 3719 a prime number?
True
Is 8263 a prime number?
True
Is 8641 a composite number?
False
Is 156157 prime?
True
Is 9109 a composite number?
False
Is 152111 prime?
True
Is 67565 a composite number?
True
Is 8407 a composite number?
True
Is 9809 a prime number?
False
Is 120641 prime?
True
Is 83431 a composite number?
False
Is 704747 a prime number?
True
Is 367943 a prime number?
False
Is 114557 a prime number?
False
Is 1541453 composite?
False
Is 207923 a composite number?
False
Is 3946 composite?
True
Is 8849 composite?
False
Is 11963 prime?
False
Is 2313442 a prime number?
False
Is 322447 a prime number?
False
Is 3973 composite?
True
Is 17761 a prime number?
True
Is 74 prime?
False
Is 263335 composite?
True
Is 153191 a composite number?
False
Is 3251 prime?
True
Is 528893 prime?
False
Is 1212973 a composite number?
False
Is 43889 a prime number?
True
Is 1481 a composite number?
False
Is 75079 a prime number?
True
Is 17039 composite?
True
Is 184666 composite?
True
Is 3761 a composite number?
False
Is 4327 a prime number?
True
Is 42649 composite?
False
Is 37397 composite?
False
Is 347 a prime number?
True
Is 264487 prime?
True
Is 77 composite?
True
Is 872509 composite?
True
Is 27301 composite?
True
Is 47933 a composite number?
False
Is 1623631 prime?
True
Is 104777 a composite number?
True
Is 13901 prime?
True
Is 30361 a prime number?
False
Is 14173 a prime number?
True
Is 10193 prime?
True
Is 6261 composite?
True
Is 304229 a prime number?
False
Is 287549 composite?
False
Is 4111 composite?
False
Is 1792639 composite?
True
Is 183611 a prime number?
True
Is 363463 composite?
False
Is 349495 composite?
True
Is 11269 composite?
True
Is 17357 a prime number?
False
Is 83206 a composite number?
True
Is 80107 prime?
True
Is 37029 composite?
True
Is 2879 a composite number?
False
Is 6805 prime?
False
Is 134623 composite?
True
Is 800511 a prime number?
False
Is 2752699 a composite number?
True
Is 127103 a prime number?
True
Is 16327 a prime number?
False
Is 22733 a composite number?
True
Is 200569 composite?
False
Is 2108173 a prime number?
False
Is 79603 a composite number?
True
Is 1232563 prime?
True
Is 19207 a prime number?
True
Is 24617 prime?
False
Is 1392497 prime?
True
Is 323621 prime?
False
Is 171343 composite?
True
Is 79661 a composite number?
True
Is 12751 composite?
True
Is 1372955 a prime number?
False
Is 13089 a composite number?
True
Is 378251 composite?
True
Is 29947 composite?
False
Is 66985 a composite number?
True
Is 1427017 composite?
False
Is 243227 a composite number?
False
Is 9934 composite?
True
Is 6739 a prime number?
False
Is 144817 a composite number?
False
Is 34199 a prime number?
False
Is 5489 a prime number?
False
Is 73855 a composite number?
True
Is 1896389 a prime number?
False
Is 1367 a composite number?
False
Is 83843 a composite number?
False
Is 505933 prime?
False
Is 142514 prime?
False
Is 8051 a prime number?
False
Is 1895 prime?
False
Is 14851 composite?
False
Is 22523 prime?
False
Is 135101 a prime number?
True
Is 6421 composite?
False
Is 15421 prime?
False
Is 185927 a composite number?
True
Is 913217 a composite number?
False
Is 30047 a prime number?
True
Is 33683 composite?
True
Is 840415 a composite number?
True
Is 9517 a prime number?
False
Is 75961 a composite number?
True
Is 1201 composite?
False
Is 11677 prime?
True
Is 31571 a prime number?
False
Is 86923 a composite number?
False
Is 36209 composite?
False
Is 4353 composite?
True
Is 213691 prime?
False
Is 107441 a prime number?
True
Is 9719 a prime number?
True
Is 232847 composite?
False
Is 91229 a composite number?
False
Is 4327 prime?
True
Is 57931 prime?
False
Is 596653 prime?
True
Is 32257 a composite number?
False
Is 10843 composite?
True
Is 271517 a composite number?
False
Is 1551791 a prime number?
True
Is 137593 composite?
False
Is 2707 composite?
False
Is 19237 a composite number?
False
Is 9257 a prime number?
True
Is 761177 composite?
False
Is 8059 a prime number?
True
Is 6274 composite?
True
Is 196699 prime?
True
Is 110247 a composite number?
True
Is 374279 a prime number?
False
Is 3604529 prime?
True
Is 2333 a composite number?
False
Is 1009 composite?
False
Is 14371 composite?
True
Is 84657 a prime number?
False
Is 1148051 prime?
False
Is 8161 prime?
True
Is 18479 a composite number?
True
Is 87231 composite?
True
Is 88453 a composite number?
True
Is 187417 a composite number?
False
Is 30182 a composite number?
True
Is 23221 composite?
True
Is 102791 a composite number?
True
Is 19535 a composite number?
True
Is 8689 a composite number?
False
Is 2833 a prime number?
True
Is 233407 a composite number?
False
Is 11389 a prime number?
False
Is 27785 a composite number?
True
Is 53213 a prime number?
False
Is 22987 a composite number?
True
Is 90409 a prime number?
False
Is 40193 a prime number?
True
Is 33563 composite?
False
Is 2129 a composite number?
False
Is 17837 a composite number?
False
Is 201 prime?
False
Is 6469 a 